{"id":229,"date":"2022-02-06T09:53:44","date_gmt":"2022-02-06T08:53:44","guid":{"rendered":"https:\/\/movimientoultreya.org\/?page_id=229"},"modified":"2022-03-07T18:41:37","modified_gmt":"2022-03-07T17:41:37","slug":"ciclistas-embajadores-2022","status":"publish","type":"page","link":"https:\/\/movimientoultreya.org\/ultreya\/ciclistas-embajadores-2022\/","title":{"rendered":"Ciclistas embajadores 2022"},"content":{"rendered":"<div class=\"wpb-content-wrapper\"><p>[vc_row][vc_column][vc_row_inner css=\u00bb.vc_custom_1644137884346{margin-bottom: 40px !important;}\u00bb][vc_column_inner width=\u00bb1\/4&#8243;][\/vc_column_inner][vc_column_inner width=\u00bb1\/2&#8243;][vc_column_text]<\/p>\n<h2 style=\"text-align: center;\">Conoce a nuestros ciclistas embajadores<\/h2>\n<p>[\/vc_column_text][\/vc_column_inner][vc_column_inner width=\u00bb1\/4&#8243;][\/vc_column_inner][\/vc_row_inner]<style type=\"text\/css\" data-type=\"the7_shortcodes-inline-css\">.dt-team-shortcode.team-masonry-shortcode-id-1e70717c9b4b395f49def62f5d23c389 .team-desc {\n  padding: 20px 0px 0px 0px;\n}\n.dt-team-shortcode.team-masonry-shortcode-id-1e70717c9b4b395f49def62f5d23c389 .team-author-name,\n.dt-team-shortcode.team-masonry-shortcode-id-1e70717c9b4b395f49def62f5d23c389 .team-author-name a {\n  margin-bottom: 5px;\n  font-size: 20px;\n  line-height: 28px;\n  font-weight: bold;\n}\n.dt-team-shortcode.team-masonry-shortcode-id-1e70717c9b4b395f49def62f5d23c389 .team-author p {\n  margin-bottom: 10px;\n  color: #a3a3a3;\n  background: none;\n}\n.dt-team-shortcode.team-masonry-shortcode-id-1e70717c9b4b395f49def62f5d23c389  .team-media {\n  padding: 0px 0px 0px 0px;\n}\n.dt-team-shortcode.team-masonry-shortcode-id-1e70717c9b4b395f49def62f5d23c389 .dt-css-grid .team-media img {\n  max-width: 100%;\n}\n.dt-team-shortcode.team-masonry-shortcode-id-1e70717c9b4b395f49def62f5d23c389 .team-content {\n  margin-bottom: 5px;\n}\n.dt-team-shortcode.team-masonry-shortcode-id-1e70717c9b4b395f49def62f5d23c389  .team-media,\n.dt-team-shortcode.team-masonry-shortcode-id-1e70717c9b4b395f49def62f5d23c389  .team-media a.rollover,\n.dt-team-shortcode.team-masonry-shortcode-id-1e70717c9b4b395f49def62f5d23c389  .team-media a.rollover *,\n.dt-team-shortcode.team-masonry-shortcode-id-1e70717c9b4b395f49def62f5d23c389  .team-media img {\n  border-radius: 0px;\n}\n.dt-team-shortcode.team-masonry-shortcode-id-1e70717c9b4b395f49def62f5d23c389 .soc-ico {\n  margin-bottom: 15px;\n}\n.dt-team-shortcode.team-masonry-shortcode-id-1e70717c9b4b395f49def62f5d23c389 .soc-ico a {\n  min-width: 26px;\n  min-height: 26px;\n  font-size: 16px;\n  border-radius: 100px;\n}\n.dt-team-shortcode.team-masonry-shortcode-id-1e70717c9b4b395f49def62f5d23c389 .soc-ico a:not(:last-child) {\n  margin-right: 4px;\n}\n.dt-team-shortcode.team-masonry-shortcode-id-1e70717c9b4b395f49def62f5d23c389 .soc-ico a:before,\n.dt-team-shortcode.team-masonry-shortcode-id-1e70717c9b4b395f49def62f5d23c389 .soc-ico a:after {\n  min-width: 26px;\n  min-height: 26px;\n  padding: inherit;\n}\n.dt-icon-border-on.dt-team-shortcode.team-masonry-shortcode-id-1e70717c9b4b395f49def62f5d23c389 .soc-ico a:before {\n  border: 0px solid transparent;\n}\n.dt-team-shortcode.team-masonry-shortcode-id-1e70717c9b4b395f49def62f5d23c389 .soc-ico a:hover {\n  font-size: 16px;\n}\n#page .dt-team-shortcode.team-masonry-shortcode-id-1e70717c9b4b395f49def62f5d23c389 .soc-ico a:hover .soc-font-icon {\n  color: rgba(255,255,255,0.75);\n  background: none;\n}\n.dt-icon-border-hover-on.dt-team-shortcode.team-masonry-shortcode-id-1e70717c9b4b395f49def62f5d23c389 .soc-ico a:after {\n  border: 0px solid transparent;\n}\n#page .dt-team-shortcode.team-masonry-shortcode-id-1e70717c9b4b395f49def62f5d23c389 .soc-ico a:not(:hover) .soc-font-icon {\n  color: #ffffff;\n  background: none;\n}\n.dt-team-shortcode.team-masonry-shortcode-id-1e70717c9b4b395f49def62f5d23c389 .soc-ico a .soc-font-icon {\n  font-size: 16px;\n}\n.dt-team-shortcode.team-masonry-shortcode-id-1e70717c9b4b395f49def62f5d23c389 .filter-bg-decoration .filter-categories a.act {\n  color: #fff;\n}\n.dt-team-shortcode.team-masonry-shortcode-id-1e70717c9b4b395f49def62f5d23c389:not(.resize-by-browser-width) .dt-css-grid {\n  grid-row-gap: 30px;\n  grid-column-gap: 30px;\n  grid-template-columns: repeat(auto-fill,minmax(,1fr));\n}\n.cssgridlegacy.no-cssgrid .dt-team-shortcode.team-masonry-shortcode-id-1e70717c9b4b395f49def62f5d23c389:not(.resize-by-browser-width) .dt-css-grid,\n.no-cssgridlegacy.no-cssgrid .dt-team-shortcode.team-masonry-shortcode-id-1e70717c9b4b395f49def62f5d23c389:not(.resize-by-browser-width) .dt-css-grid {\n  display: flex;\n  flex-flow: row wrap;\n  margin: -15px;\n}\n.cssgridlegacy.no-cssgrid .dt-team-shortcode.team-masonry-shortcode-id-1e70717c9b4b395f49def62f5d23c389:not(.resize-by-browser-width) .dt-css-grid .wf-cell,\n.no-cssgridlegacy.no-cssgrid .dt-team-shortcode.team-masonry-shortcode-id-1e70717c9b4b395f49def62f5d23c389:not(.resize-by-browser-width) .dt-css-grid .wf-cell {\n  flex: 1 0 ;\n  max-width: 100%;\n  padding: 15px;\n  box-sizing: border-box;\n}\n.dt-team-shortcode.team-masonry-shortcode-id-1e70717c9b4b395f49def62f5d23c389.resize-by-browser-width .dt-css-grid {\n  grid-template-columns: repeat(3,1fr);\n  grid-template-rows: auto;\n  grid-column-gap: 30px;\n  grid-row-gap: 30px;\n}\n.cssgridlegacy.no-cssgrid .dt-team-shortcode.team-masonry-shortcode-id-1e70717c9b4b395f49def62f5d23c389.resize-by-browser-width .dt-css-grid,\n.no-cssgridlegacy.no-cssgrid .dt-team-shortcode.team-masonry-shortcode-id-1e70717c9b4b395f49def62f5d23c389.resize-by-browser-width .dt-css-grid {\n  margin: -15px;\n}\n.cssgridlegacy.no-cssgrid .dt-team-shortcode.team-masonry-shortcode-id-1e70717c9b4b395f49def62f5d23c389.resize-by-browser-width .dt-css-grid .wf-cell,\n.no-cssgridlegacy.no-cssgrid .dt-team-shortcode.team-masonry-shortcode-id-1e70717c9b4b395f49def62f5d23c389.resize-by-browser-width .dt-css-grid .wf-cell {\n  width: 33.333333333333%;\n  padding: 15px;\n}\n@media screen and (max-width: 1199px) {\n  .dt-team-shortcode.team-masonry-shortcode-id-1e70717c9b4b395f49def62f5d23c389.resize-by-browser-width .dt-css-grid {\n    grid-template-columns: repeat(3,1fr);\n  }\n  .cssgridlegacy.no-cssgrid .dt-team-shortcode.team-masonry-shortcode-id-1e70717c9b4b395f49def62f5d23c389.resize-by-browser-width .dt-css-grid .wf-cell,\n  .no-cssgridlegacy.no-cssgrid .dt-team-shortcode.team-masonry-shortcode-id-1e70717c9b4b395f49def62f5d23c389.resize-by-browser-width .dt-css-grid .wf-cell {\n    width: 33.333333333333%;\n  }\n}\n@media screen and (max-width: 991px) {\n  .dt-team-shortcode.team-masonry-shortcode-id-1e70717c9b4b395f49def62f5d23c389.resize-by-browser-width .dt-css-grid {\n    grid-template-columns: repeat(2,1fr);\n  }\n  .cssgridlegacy.no-cssgrid .dt-team-shortcode.team-masonry-shortcode-id-1e70717c9b4b395f49def62f5d23c389.resize-by-browser-width .dt-css-grid .wf-cell,\n  .no-cssgridlegacy.no-cssgrid .dt-team-shortcode.team-masonry-shortcode-id-1e70717c9b4b395f49def62f5d23c389.resize-by-browser-width .dt-css-grid .wf-cell {\n    width: 50%;\n  }\n}\n@media screen and (max-width: 767px) {\n  .dt-team-shortcode.team-masonry-shortcode-id-1e70717c9b4b395f49def62f5d23c389.resize-by-browser-width .dt-css-grid {\n    grid-template-columns: repeat(1,1fr);\n  }\n  .cssgridlegacy.no-cssgrid .dt-team-shortcode.team-masonry-shortcode-id-1e70717c9b4b395f49def62f5d23c389.resize-by-browser-width .dt-css-grid .wf-cell,\n  .no-cssgridlegacy.no-cssgrid .dt-team-shortcode.team-masonry-shortcode-id-1e70717c9b4b395f49def62f5d23c389.resize-by-browser-width .dt-css-grid .wf-cell {\n    width: 100%;\n  }\n}\n<\/style><div class=\"dt-team-masonry-shortcode dt-team-shortcode team-masonry-shortcode-id-1e70717c9b4b395f49def62f5d23c389 loading-effect-none mode-grid jquery-filter content-align-center dt-css-grid-wrap dt-css-grid-wrap dt-icon-bg-on dt-icon-border-on dt-icon-hover-bg-on dt-icon-border-hover-on move-icons-under-position resize-by-browser-width  \" data-padding=\"15px\" data-cur-page=\"1\" data-post-limit=\"-1\" data-pagination-mode=\"none\" data-desktop-columns-num=\"3\" data-v-tablet-columns-num=\"2\" data-h-tablet-columns-num=\"3\" data-phone-columns-num=\"1\" data-width=\"0px\" data-columns=\"0\"><div class=\"dt-css-grid\" ><div class=\"visible wf-cell\" data-post-id=\"501\" data-date=\"2022-03-16T18:11:15+01:00\" data-name=\"Francisco Xabier Castro Tour\u00eds\"><div class=\"team-container visible post post-501 dt_team type-dt_team status-publish has-post-thumbnail hentry dt_team_category-embajadores-2022 dt_team_category-4 description-off\"><div class=\"team-media\"><a href=\"https:\/\/movimientoultreya.org\/ultreya\/equipo\/francisco-xabier-castro-touris\/\" class=\"rollover layzr-bg\"><img fetchpriority=\"high\" decoding=\"async\" class=\"preload-me iso-lazy-load aspect\" src=\"data:image\/svg+xml,%3Csvg%20xmlns%3D&#39;http%3A%2F%2Fwww.w3.org%2F2000%2Fsvg&#39;%20viewBox%3D&#39;0%200%20933%201399&#39;%2F%3E\" data-src=\"https:\/\/movimientoultreya.org\/wp-content\/uploads\/2022\/03\/xabier-933x1399.jpg\" data-srcset=\"https:\/\/movimientoultreya.org\/wp-content\/uploads\/2022\/03\/xabier-933x1399.jpg 933w, https:\/\/movimientoultreya.org\/wp-content\/uploads\/2022\/03\/xabier-933x1400.jpg 933w\" loading=\"eager\" style=\"--ratio: 933 \/ 1399\" sizes=\"(max-width: 933px) 100vw, 933px\" width=\"933\" height=\"1399\"  title=\"xabier\" alt=\"\" \/><\/a><\/div><div class=\"team-desc\"><div class=\"team-author\"><div class=\"team-author-name\"><a href=\" https:\/\/movimientoultreya.org\/ultreya\/equipo\/francisco-xabier-castro-touris\/ \">Francisco Xabier Castro Tour\u00eds<\/a><\/div><p>Dodro<\/p><\/div><div class=\"team-content\"><\/div><\/div><\/div><\/div><div class=\"visible wf-cell\" data-post-id=\"386\" data-date=\"2022-03-07T18:59:44+01:00\" data-name=\"\u00c1lex Bello\"><div class=\"team-container visible post post-386 dt_team type-dt_team status-publish has-post-thumbnail hentry dt_team_category-embajadores-2022 dt_team_category-4 description-off\"><div class=\"team-media\"><a href=\"https:\/\/movimientoultreya.org\/ultreya\/equipo\/alex-bello\/\" class=\"rollover layzr-bg\"><img decoding=\"async\" class=\"preload-me iso-lazy-load aspect\" src=\"data:image\/svg+xml,%3Csvg%20xmlns%3D&#39;http%3A%2F%2Fwww.w3.org%2F2000%2Fsvg&#39;%20viewBox%3D&#39;0%200%20638%20957&#39;%2F%3E\" data-src=\"https:\/\/movimientoultreya.org\/wp-content\/uploads\/2022\/03\/Alex-Bello-638x957.jpg\" data-srcset=\"https:\/\/movimientoultreya.org\/wp-content\/uploads\/2022\/03\/Alex-Bello-638x957.jpg 638w\" loading=\"eager\" style=\"--ratio: 638 \/ 957\" sizes=\"(max-width: 638px) 100vw, 638px\" width=\"638\" height=\"957\"  title=\"Alex-Bello\" alt=\"\" \/><\/a><\/div><div class=\"team-desc\"><div class=\"team-author\"><div class=\"team-author-name\"><a href=\" https:\/\/movimientoultreya.org\/ultreya\/equipo\/alex-bello\/ \">\u00c1lex Bello<\/a><\/div><p>Finisterre<\/p><\/div><div class=\"team-content\"><\/div><\/div><\/div><\/div><div class=\"visible wf-cell\" data-post-id=\"327\" data-date=\"2022-02-16T08:09:43+01:00\" data-name=\"Ana L\u00f3pez\"><div class=\"team-container visible post post-327 dt_team type-dt_team status-publish has-post-thumbnail hentry dt_team_category-embajadores-2022 dt_team_category-4 description-off\"><div class=\"team-media\"><a href=\"https:\/\/movimientoultreya.org\/ultreya\/equipo\/ana-lopez\/\" class=\"rollover layzr-bg\"><img decoding=\"async\" class=\"preload-me iso-lazy-load aspect\" src=\"data:image\/svg+xml,%3Csvg%20xmlns%3D&#39;http%3A%2F%2Fwww.w3.org%2F2000%2Fsvg&#39;%20viewBox%3D&#39;0%200%20612%20918&#39;%2F%3E\" data-src=\"https:\/\/movimientoultreya.org\/wp-content\/uploads\/2022\/02\/ANA-612x918.jpg\" data-srcset=\"https:\/\/movimientoultreya.org\/wp-content\/uploads\/2022\/02\/ANA-612x918.jpg 612w\" loading=\"eager\" style=\"--ratio: 612 \/ 918\" sizes=\"(max-width: 612px) 100vw, 612px\" width=\"612\" height=\"918\"  title=\"ANA\" alt=\"\" \/><\/a><\/div><div class=\"team-desc\"><div class=\"team-author\"><div class=\"team-author-name\"><a href=\" https:\/\/movimientoultreya.org\/ultreya\/equipo\/ana-lopez\/ \">Ana L\u00f3pez<\/a><\/div><p>Castro Caldelas<\/p><\/div><div class=\"team-content\"><\/div><\/div><\/div><\/div><div class=\"visible wf-cell\" data-post-id=\"255\" data-date=\"2022-02-08T19:15:06+01:00\" data-name=\"Antonio Garc\u00eda Mart\u00ednez\"><div class=\"team-container visible post post-255 dt_team type-dt_team status-publish has-post-thumbnail hentry dt_team_category-embajadores-2022 dt_team_category-4 description-off\"><div class=\"team-media\"><a href=\"https:\/\/movimientoultreya.org\/ultreya\/equipo\/antonio-garcia-martinez\/\" class=\"rollover layzr-bg\"><img decoding=\"async\" class=\"preload-me iso-lazy-load aspect\" src=\"data:image\/svg+xml,%3Csvg%20xmlns%3D&#39;http%3A%2F%2Fwww.w3.org%2F2000%2Fsvg&#39;%20viewBox%3D&#39;0%200%20726%201089&#39;%2F%3E\" data-src=\"https:\/\/movimientoultreya.org\/wp-content\/uploads\/2022\/02\/Antonio-726x1089.jpg\" data-srcset=\"https:\/\/movimientoultreya.org\/wp-content\/uploads\/2022\/02\/Antonio-726x1089.jpg 726w, https:\/\/movimientoultreya.org\/wp-content\/uploads\/2022\/02\/Antonio-726x1090.jpg 726w\" loading=\"eager\" style=\"--ratio: 726 \/ 1089\" sizes=\"(max-width: 726px) 100vw, 726px\" width=\"726\" height=\"1089\"  title=\"Antonio\" alt=\"\" \/><\/a><\/div><div class=\"team-desc\"><div class=\"team-author\"><div class=\"team-author-name\"><a href=\" https:\/\/movimientoultreya.org\/ultreya\/equipo\/antonio-garcia-martinez\/ \">Antonio Garc\u00eda Mart\u00ednez<\/a><\/div><p>Macotera<\/p><\/div><div class=\"team-content\"><\/div><\/div><\/div><\/div><div class=\"visible wf-cell\" data-post-id=\"254\" data-date=\"2022-02-08T19:03:22+01:00\" data-name=\"Jos\u00e9 Antonio Rodr\u00edguez Vidueira\"><div class=\"team-container visible post post-254 dt_team type-dt_team status-publish has-post-thumbnail hentry dt_team_category-embajadores-2022 dt_team_category-4 description-off\"><div class=\"team-media\"><a href=\"https:\/\/movimientoultreya.org\/ultreya\/equipo\/jose-antonio-rodriguez-vidueira\/\" class=\"rollover layzr-bg\"><img decoding=\"async\" class=\"preload-me iso-lazy-load aspect\" src=\"data:image\/svg+xml,%3Csvg%20xmlns%3D&#39;http%3A%2F%2Fwww.w3.org%2F2000%2Fsvg&#39;%20viewBox%3D&#39;0%200%20708%201062&#39;%2F%3E\" data-src=\"https:\/\/movimientoultreya.org\/wp-content\/uploads\/2022\/02\/eladio-708x1062.jpg\" data-srcset=\"https:\/\/movimientoultreya.org\/wp-content\/uploads\/2022\/02\/eladio-708x1062.jpg 708w, https:\/\/movimientoultreya.org\/wp-content\/uploads\/2022\/02\/eladio-708x1063.jpg 708w\" loading=\"eager\" style=\"--ratio: 708 \/ 1062\" sizes=\"(max-width: 708px) 100vw, 708px\" width=\"708\" height=\"1062\"  title=\"eladio\" alt=\"\" \/><\/a><\/div><div class=\"team-desc\"><div class=\"team-author\"><div class=\"team-author-name\"><a href=\" https:\/\/movimientoultreya.org\/ultreya\/equipo\/jose-antonio-rodriguez-vidueira\/ \">Jos\u00e9 Antonio Rodr\u00edguez Vidueira<\/a><\/div><p>La Mezquita<\/p><\/div><div class=\"team-content\"><\/div><\/div><\/div><\/div><div class=\"visible wf-cell\" data-post-id=\"246\" data-date=\"2022-02-07T17:05:56+01:00\" data-name=\"Juan Luis Fresno Pern\u00eda\"><div class=\"team-container visible post post-246 dt_team type-dt_team status-publish has-post-thumbnail hentry dt_team_category-embajadores-2022 dt_team_category-4 description-off\"><div class=\"team-media\"><a href=\"https:\/\/movimientoultreya.org\/ultreya\/equipo\/juan-luis-fresno-pernia\/\" class=\"rollover layzr-bg\"><img decoding=\"async\" class=\"preload-me iso-lazy-load aspect\" src=\"data:image\/svg+xml,%3Csvg%20xmlns%3D&#39;http%3A%2F%2Fwww.w3.org%2F2000%2Fsvg&#39;%20viewBox%3D&#39;0%200%20621%20931&#39;%2F%3E\" data-src=\"https:\/\/movimientoultreya.org\/wp-content\/uploads\/2022\/02\/Juan-Luis-621x931.jpg\" data-srcset=\"https:\/\/movimientoultreya.org\/wp-content\/uploads\/2022\/02\/Juan-Luis-621x931.jpg 621w, https:\/\/movimientoultreya.org\/wp-content\/uploads\/2022\/02\/Juan-Luis-621x932.jpg 621w\" loading=\"eager\" style=\"--ratio: 621 \/ 931\" sizes=\"(max-width: 621px) 100vw, 621px\" width=\"621\" height=\"931\"  title=\"Juan-Luis\" alt=\"\" \/><\/a><\/div><div class=\"team-desc\"><div class=\"team-author\"><div class=\"team-author-name\"><a href=\" https:\/\/movimientoultreya.org\/ultreya\/equipo\/juan-luis-fresno-pernia\/ \">Juan Luis Fresno Pern\u00eda<\/a><\/div><p>T\u00e1bara<\/p><\/div><div class=\"team-content\"><\/div><\/div><\/div><\/div><div class=\"visible wf-cell\" data-post-id=\"244\" data-date=\"2022-02-07T17:02:41+01:00\" data-name=\"\u00c1ngel Dom\u00ednguez S\u00e1nchez\"><div class=\"team-container visible post post-244 dt_team type-dt_team status-publish has-post-thumbnail hentry dt_team_category-embajadores-2022 dt_team_category-4 description-off\"><div class=\"team-media\"><a href=\"https:\/\/movimientoultreya.org\/ultreya\/equipo\/angel-dominguez-sanchez\/\" class=\"rollover layzr-bg\"><img decoding=\"async\" class=\"preload-me iso-lazy-load aspect\" src=\"data:image\/svg+xml,%3Csvg%20xmlns%3D&#39;http%3A%2F%2Fwww.w3.org%2F2000%2Fsvg&#39;%20viewBox%3D&#39;0%200%20933%201399&#39;%2F%3E\" data-src=\"https:\/\/movimientoultreya.org\/wp-content\/uploads\/2022\/02\/angel-933x1399.jpg\" data-srcset=\"https:\/\/movimientoultreya.org\/wp-content\/uploads\/2022\/02\/angel-933x1399.jpg 933w, https:\/\/movimientoultreya.org\/wp-content\/uploads\/2022\/02\/angel-933x1400.jpg 933w\" loading=\"eager\" style=\"--ratio: 933 \/ 1399\" sizes=\"(max-width: 933px) 100vw, 933px\" width=\"933\" height=\"1399\"  title=\"angel\" alt=\"\" \/><\/a><\/div><div class=\"team-desc\"><div class=\"team-author\"><div class=\"team-author-name\"><a href=\" https:\/\/movimientoultreya.org\/ultreya\/equipo\/angel-dominguez-sanchez\/ \">\u00c1ngel Dom\u00ednguez S\u00e1nchez<\/a><\/div><p>Fuentes de Le\u00f3n<\/p><\/div><div class=\"team-content\"><\/div><\/div><\/div><\/div><div class=\"visible wf-cell\" data-post-id=\"242\" data-date=\"2022-02-07T17:00:26+01:00\" data-name=\"Eladio Niso Barata\"><div class=\"team-container visible post post-242 dt_team type-dt_team status-publish has-post-thumbnail hentry dt_team_category-embajadores-2022 dt_team_category-4 description-off\"><div class=\"team-media\"><a href=\"https:\/\/movimientoultreya.org\/ultreya\/equipo\/eladio-niso-barata\/\" class=\"rollover layzr-bg\"><img decoding=\"async\" class=\"preload-me iso-lazy-load aspect\" src=\"data:image\/svg+xml,%3Csvg%20xmlns%3D&#39;http%3A%2F%2Fwww.w3.org%2F2000%2Fsvg&#39;%20viewBox%3D&#39;0%200%20606%20909&#39;%2F%3E\" data-src=\"https:\/\/movimientoultreya.org\/wp-content\/uploads\/2022\/01\/embjadores-606x909.jpg\" data-srcset=\"https:\/\/movimientoultreya.org\/wp-content\/uploads\/2022\/01\/embjadores-606x909.jpg 606w\" loading=\"eager\" style=\"--ratio: 606 \/ 909\" sizes=\"(max-width: 606px) 100vw, 606px\" width=\"606\" height=\"909\"  title=\"embjadores\" alt=\"\" \/><\/a><\/div><div class=\"team-desc\"><div class=\"team-author\"><div class=\"team-author-name\"><a href=\" https:\/\/movimientoultreya.org\/ultreya\/equipo\/eladio-niso-barata\/ \">Eladio Niso Barata<\/a><\/div><p>Aliseda<\/p><\/div><div class=\"team-content\"><\/div><\/div><\/div><\/div><div class=\"visible wf-cell\" data-post-id=\"240\" data-date=\"2022-02-07T16:52:34+01:00\" data-name=\"Roberto Marcilla Fern\u00e1ndez\"><div class=\"team-container visible post post-240 dt_team type-dt_team status-publish has-post-thumbnail hentry dt_team_category-embajadores-2022 dt_team_category-4 description-off\"><div class=\"team-media\"><a href=\"https:\/\/movimientoultreya.org\/ultreya\/equipo\/roberto-marcilla-fernandez\/\" class=\"rollover layzr-bg\"><img decoding=\"async\" class=\"preload-me iso-lazy-load aspect\" src=\"data:image\/svg+xml,%3Csvg%20xmlns%3D&#39;http%3A%2F%2Fwww.w3.org%2F2000%2Fsvg&#39;%20viewBox%3D&#39;0%200%20780%201169&#39;%2F%3E\" data-src=\"https:\/\/movimientoultreya.org\/wp-content\/uploads\/2022\/02\/ROBERTO-MARCILLA-FOTO-780x1169.jpg\" data-srcset=\"https:\/\/movimientoultreya.org\/wp-content\/uploads\/2022\/02\/ROBERTO-MARCILLA-FOTO-780x1169.jpg 780w\" loading=\"eager\" style=\"--ratio: 780 \/ 1169\" sizes=\"(max-width: 780px) 100vw, 780px\" width=\"780\" height=\"1169\"  title=\"ROBERTO-MARCILLA-FOTO\" alt=\"\" \/><\/a><\/div><div class=\"team-desc\"><div class=\"team-author\"><div class=\"team-author-name\"><a href=\" https:\/\/movimientoultreya.org\/ultreya\/equipo\/roberto-marcilla-fernandez\/ \">Roberto Marcilla Fern\u00e1ndez<\/a><\/div><p>Villalcazar de Sirga<\/p><\/div><div class=\"team-content\"><\/div><\/div><\/div><\/div><\/div><!-- iso-container|iso-grid --><\/div>[\/vc_column][\/vc_row]<\/p>\n<\/div>","protected":false},"excerpt":{"rendered":"<p>[vc_row][vc_column][vc_row_inner css=\u00bb.vc_custom_1644137884346{margin-bottom: 40px !important;}\u00bb][vc_column_inner width=\u00bb1\/4&#8243;][\/vc_column_inner][vc_column_inner width=\u00bb1\/2&#8243;][vc_column_text] Conoce a nuestros ciclistas embajadores [\/vc_column_text][\/vc_column_inner][vc_column_inner width=\u00bb1\/4&#8243;][\/vc_column_inner][\/vc_row_inner][\/vc_column][\/vc_row]<\/p>\n","protected":false},"author":1,"featured_media":0,"parent":0,"menu_order":0,"comment_status":"closed","ping_status":"closed","template":"","meta":{"_joinchat":[],"footnotes":""},"class_list":["post-229","page","type-page","status-publish","hentry","description-off"],"_links":{"self":[{"href":"https:\/\/movimientoultreya.org\/ultreya\/wp-json\/wp\/v2\/pages\/229","targetHints":{"allow":["GET"]}}],"collection":[{"href":"https:\/\/movimientoultreya.org\/ultreya\/wp-json\/wp\/v2\/pages"}],"about":[{"href":"https:\/\/movimientoultreya.org\/ultreya\/wp-json\/wp\/v2\/types\/page"}],"author":[{"embeddable":true,"href":"https:\/\/movimientoultreya.org\/ultreya\/wp-json\/wp\/v2\/users\/1"}],"replies":[{"embeddable":true,"href":"https:\/\/movimientoultreya.org\/ultreya\/wp-json\/wp\/v2\/comments?post=229"}],"version-history":[{"count":10,"href":"https:\/\/movimientoultreya.org\/ultreya\/wp-json\/wp\/v2\/pages\/229\/revisions"}],"predecessor-version":[{"id":252,"href":"https:\/\/movimientoultreya.org\/ultreya\/wp-json\/wp\/v2\/pages\/229\/revisions\/252"}],"wp:attachment":[{"href":"https:\/\/movimientoultreya.org\/ultreya\/wp-json\/wp\/v2\/media?parent=229"}],"curies":[{"name":"wp","href":"https:\/\/api.w.org\/{rel}","templated":true}]}}